2 + 1155. Calculate the highest common divisor of 231 and l.
21
Let o be (-110 + 124)/((-3)/(-6)). Suppose -5*f + 5*j = -675, 4*j = -4*f + 779 - 199. What is the highest common factor of f and o?
28
Suppose 0 = -49*s + 102 + 388. What is the highest common divisor of s and 1810?
10
Let x = -1409 + 1854. Calculate the greatest common divisor of 5 and x.
5
Let r = -81 + 85. Suppose -d = -2*w, -4*w + 28 - r = 2*d. Calculate the greatest common divisor of 12 and d.
6
Let v be (-27)/12*(-128)/12. Suppose 4 = -4*z, -4*b + v = z - 167. Suppose -106 = -3*i + 5*x, 3*x = i - 52 + 14. What is the greatest common factor of i and b?
16
Let z(j) = -3*j - 17. Let o = 6 + -1. Suppose 2*v + o*v = -42. Let f be z(v). Calculate the greatest common factor of f and 7.
1
Let h be 8/((-168)/(-82) + -2). Let f = -107 + h. Suppose -j - f = -4*j. What is the greatest common factor of j and 95?
19
Let x = -783 + 1359. Calculate the greatest common divisor of x and 54.
18
Let o(i) = 5*i**2 + 444*i - 77. Let u be o(-89). Let q = 12 + -8. What is the highest common factor of u and q?
4
Let r(v) = v**3 + 15*v**2 + 14*v + 3. Let c(q) = 8*q**2. Let d be c(1). Let y = -6 - d. Let x be r(y). Calculate the greatest common divisor of 33 and x.
3
Let s be (-1)/(-2*(-3)/(-12)). Suppose 0 = 3*j + 6, 2*g - 24 = j + s*j. What is the highest common factor of 36 and g?
9
Let f(o) = 3*o - 13. Let q be f(7). Let w be ((-9)/(-12))/(q/416). What is the greatest common factor of w and 156?
39
Let l be -9*(266/3)/(-7). Suppose -3*h + l = -42. Let b be 1071/81 + 3/27*-2. What is the highest common divisor of h and b?
13
Let r be 6/(-33) + (384/(-44))/(-4). Suppose b = 2*d - 45, -d - r*b = -0*b - 25. What is the highest common divisor of 23 and d?
23
Let r(c) = 13*c + 11. Let q be -4*(-4)/32*6. Suppose l - 3*u = 16, -u = -3*l - q*u + 4. Let n be r(l). What is the greatest common divisor of n and 9?
9
Suppose 19*a = 15*a + 46 - 22. Suppose -x + 0*x + 4 = 0. Calculate the highest common factor of a and x.
2
Suppose m - 44 = 2*v, 0 = -6*m + 4*m - 5*v + 115. Calculate the highest common factor of m and 15.
5
Let c = 8 + -5. Suppose -c*s - s = -120. Suppose -2*u + 4*u - 3*d - 144 = 0, 3*u + 5*d = 235. Calculate the highest common divisor of s and u.
15
Suppose 5*j = -0*j + 530. Let t be j/(-3)*(-20 + 26). Let z be (-2)/3*(t - -8). What is the greatest common divisor of 17 and z?
17
Suppose -3*f = -4*m - 3196, f + 2*m - 1299 = -237. Calculate the highest common divisor of 76 and f.
76
Suppose 360 = 8*v - 5*v. Let m(x) = 4*x**2 + 6*x + 6. Let c be m(-3). What is the greatest common factor of v and c?
24
Let c(p) = 3*p**2 - 8*p + 5. Suppose -2*b - 2*g = -b - 3, 12 = 2*b - 2*g. Let y be c(b). What is the highest common divisor of 20 and y?
20
Let h(t) = -t**2 + 21*t - 26. Let n be h(20). Let c be n/(-3) - -115 - -2. Calculate the greatest common factor of 17 and c.
17
Suppose -131*n + 126*n = -1260. What is the greatest common divisor of 28 and n?
28
Let w be (-4 + 4 - 3) + 5. Suppose 0 = -0*d + w*d + m - 16, 2*d + 3*m = 24. Let o = -37 + 55. What is the greatest common divisor of d and o?
6
Suppose -18*j + 17*j = -12. Let b(o) = 19*o + 1 - j*o + 3 + o**2. Let q be b(-8). What is the highest common divisor of 96 and q?
12
Suppose 5*w - m - 133 = -0*m, 0 = 4*w - m - 107. Calculate the greatest common factor of 195 and w.
13
Let w be 1420/(-50)*(-2 - 8). Suppose -5*i - 22 + 314 = -2*o, 5*i - 4*o - w = 0. Calculate the highest common factor of 12 and i.
12
Let i = -42 - -60. Suppose 211*k - 208*k = 486. What is the highest common divisor of k and i?
18
Let x = 37 + -32. Suppose 0 = g - x - 5. What is the greatest common divisor of 40 and g?
10
Let y = 14 - 7. Let z be (-12)/(-126) - (-870)/126. What is the greatest common divisor of y and z?
7
Let r be (1/(-2) - 0)*12. Let l = 9 + r. Let f = -53 - -54. What is the greatest common divisor of l and f?
1
Let u be 15/((42/(-8))/(-7)). Suppose 68 = 5*z - 232. What is the greatest common factor of z and u?
20
Suppose g + 10 = 6. Let k be 3*(8/36)/(g/(-186)). What is the greatest common factor of 124 and k?
31
Let m(y) = y**2 - 6*y - 11. Let z be m(8). Suppose z*p - 85 = 25. Let x = 22 - 20. What is the highest common divisor of x and p?
2
Let y = -2 + 2. Let i = 91 - 88. Suppose -i*t + 103 + 62 = y. Calculate the greatest common factor of 11 and t.
11
Suppose -2*r - 3*f + 21 = 0, f - 1 + 0 = 0. Calculate the highest common factor of r and 72.
9
Suppose 5*s - 294 = 146. Suppose -6*l + s = -2*l. Calculate the greatest common factor of 33 and l.
11
Let f(g) = g. Let k be f(-3). Let l be (-2 - -16)*2*k/(-12). Calculate the greatest common factor of l and 35.
7
Suppose k - 2*d - 32 = -k, 0 = 2*k - 4*d - 40. Suppose 4*i = 2*i + 216. What is the greatest common factor of i and k?
12
Let v(p) = -3*p - 15. Let s be v(-8). Let t(j) = -2*j**2 + 20*j - 12. Let b be t(s). Calculate the greatest common factor of 48 and b.
6
Let y(j) = -26*j + 8. Let v be y(0). What is the highest common divisor of v and 16?
8
Let a be ((-4)/(-10))/((-4)/(-40)). Suppose -3*c - a*n + 15 = 0, 2 = -4*c - 3*n + 22. What is the highest common factor of 5 and c?
5
Let m(x) = 2*x**2 - 10*x + 32. Let q be m(7). Calculate the highest common divisor of q and 36.
12
Let f(p) = -p**2 - 20*p - 10. Let n be f(-18). What is the highest common divisor of 2 and n?
2
Suppose -41*h + 125930 = 8*h. Calculate the greatest common divisor of 10 and h.
10
Let j = -341 - -381. What is the highest common divisor of j and 200?
40
Suppose 27 = x - 79. Suppose 4*h - 51 = -m, 0 = 5*m - 3*h - 80 - x. What is the highest common factor of m and 273?
39
Suppose 0 = k - 22 + 3. Let r = k - 15. Suppose r*n + 388 = c + 3*c, n + 5 = 0. What is the greatest common divisor of c and 23?
23
Suppose 29*w - 31*w + 190 = 0. What is the greatest common divisor of w and 5?
5
Suppose 1518 = -24*g + 5550. Suppose 4*m - 96 = -0*m. Calculate the highest common factor of g and m.
24
Suppose p - 3*d = 93, -2*p = -2*d - 130 - 64. What is the highest common factor of p and 165?
33
Let w be (-14)/(-105)*-5*-21. Calculate the greatest common divisor of w and 4.
2
Suppose -r = -5*x + 227, 0 = -2*x - 3*r + 9 + 75. Suppose 78 - 18 = 2*c. What is the greatest common factor of c and x?
15
Let w = -81 + 213. Calculate the highest common divisor of w and 24.
12
Suppose 20 = v + 3*v. Let a(p) = p + 5 + 5 + 0*p - 2*p. Let x be a(v). What is the greatest common factor of x and 20?
5
Let q be 34 + 4/(16/(-4)). Suppose 10*m = 27 + q. What is the highest common factor of 24 and m?
6
Suppose 12*j = 265 + 59. Calculate the highest common factor of j and 432.
27
Suppose 0 = 16*p - 93 - 291. What is the greatest common divisor of 80 and p?
8
Suppose -9*h + 8*h + 100 = 2*c, 0 = 3*c - h - 155. What is the highest common factor of c and 357?
51
Suppose 3*w - 291 = 2*z - 0*z, 4*w + 3*z - 405 = 0. Suppose -2*y = 2*m - 36, 10*y - 8*y = -5*m + 24. What is the highest common divisor of w and y?
11
Let i = 94 - 93. Let h be 95 - i - (3 + -7). Calculate the greatest common divisor of h and 28.
14
Let x be (42/(-8) + 5 + -75)*-4. What is the highest common factor of 43 and x?
43
Let h be 1*-3*(2 - 3). Suppose -t = -3*r - 24, -3*t + 210 = 2*t + h*r. Suppose -17*m + t = -16*m. Calculate the greatest common factor of m and 26.
13
Let m(k) = k**3 - 13*k**2 + 7. Suppose 0 = 4*l - 24 - 28. Let b be m(l). What is the highest common divisor of 49 and b?
7
Suppose z = -5*n + 363, 27*n + 228 = 30*n + 4*z. What is the highest common factor of 24 and n?
24
Let s = 738 - 716. Suppose 3*g - 7*g = -132. Calculate the highest common factor of s and g.
11
Let t(m) = 3*m + 12. Let c be t(2). Calculate the greatest common factor of 24 and c.
6
Let p = 36 + 2. Suppose -p*c + 37*c = -15. What is the highest common factor of c and 10?
5
Let t be (-8)/12 - (-28)/6. Suppose 0 = -t*d + 29 + 83. Calculate the highest common factor of d and 4.
4
Suppose 2*c = 0, 11 - 266 = 5*h + c. Let g = h + 72. What is the highest common factor of g and 28?
7
Suppose -2*c = 5*c + 644. Let j = 102 + c. What is the greatest common divisor of 190 and j?
10
Let j = 19 + -13. Let b be 2/j*(44 + 1). Let l be ((-12)/(-8) - 3)*-2. What is the highest common factor of b and l?
3
Let f(t) = 12*t - 1. Let n(c) = -c**3 + 4*